 2. Suppose 3*c - s - 46 = 0, y*c + 4*s - 54 = -2*c. Calculate the remainder when c is divided by r.
2
Suppose -18*f + 0*f = -1152. What is the remainder when f is divided by 10?
4
Let l(a) be the second derivative of a**5/20 + 3*a**4/4 + 2*a**3/3 + 5*a**2 + 7*a. What is the remainder when l(-6) is divided by 24?
22
Let k(a) = -a - 6. Let f be k(-9). Suppose -3*m - 4*z + 0*z + 136 = 0, -5*m = f*z - 245. What is the remainder when m is divided by 14?
10
Let o(a) be the third derivative of a**5/60 - 11*a**4/24 - 13*a**3/6 + 12*a**2. Calculate the remainder when 38 is divided by o(13).
12
Let y = -72 - -124. What is the remainder when 33*(3/(-9) + 5) is divided by y?
50
Let h(a) = a**3 + 27*a**2 - 70*a + 54. What is the remainder when h(-28) is divided by 11?
9
Let r be 2/11 + (-1428)/(-374). Suppose -41 = -2*z - k, r*z - 3*k - 97 = -2*k. What is the remainder when z is divided by 7?
2
Let h = -5 + 7. Suppose -f = 4*m - h*m - 10, -95 = -5*f + 5*m. Calculate the remainder when (21/(-2))/(4/(-24)) is divided by f.
15
Suppose -5*p = -2*c + 29, -c - 4*p = p + 23. Suppose -i - c*h = -30, 5*h = -3*i - i + 117. What is the remainder when 107 is divided by i?
23
What is the remainder when 668*((-45)/6 - -8) is divided by 13?
9
Suppose g = 2*p - 0*p - 118, -2*p - 2*g = -106. Calculate the remainder when p is divided by 46.
11
Suppose 425*p - 419*p - 1362 = 0. Calculate the remainder when p is divided by 67.
26
Let m = 36 - -5. Let d = 48 - m. What is the remainder when 27 is divided by d?
6
Let k(a) = 31*a - 390. What is the remainder when 857 is divided by k(13)?
12
Suppose -8*y + 3*y = -4*p - 464, 2*y - p = 188. Suppose -5*g + y + 14 = 0. Calculate the remainder when 86 is divided by g.
20
Let t(o) = o**2 - 21*o - 4. What is the remainder when t(-8) is divided by 21?
18
Let y = 92 - 21. Calculate the remainder when y is divided by 39.
32
Let r = -2 + 7. Let d(m) = m**2 - 5*m + 22. Calculate the remainder when d(4) is divided by r.
3
Let z = 330 + -309. Let c = -8 + 34. Let j = c - z. What is the remainder when 17 is divided by j?
2
Suppose -m = 4*f - 26, m + 3*f = 2*f + 20. Calculate the remainder when 377 is divided by m.
17
Let f be 16/12*(-90)/(-4). Suppose -3*r + f = l - 7, -43 = -l - 5*r. Suppose 15 = n + 5*q, -30 + 0 = -2*n - 3*q. What is the remainder when l is divided by n?
13
Let x = 13 - 9. Suppose 5*h - 7 - 20 = -4*k, 6 = -h + 3*k. Suppose 3*r + h*a = -0*r + 18, 13 = 2*r + 3*a. Calculate the remainder when r is divided by x.
1
Let r(f) = -2*f - 20. Suppose 57 + 7 = -4*p. What is the remainder when (46/(-4))/((-2)/4) is divided by r(p)?
11
Suppose 0 = -a - 2*a + 81. Let w(v) = -v + 12. Let p be w(-7). Suppose p = 6*o - 449. What is the remainder when o is divided by a?
24
Let f = -72 - -49. Let t = 81 + f. Calculate the remainder when t is divided by 20.
18
Let s = 171 - 11. What is the remainder when s is divided by 37?
12
Suppose 2607*r - 2605*r - 136 = 0. What is the remainder when 140 is divided by r?
4
Let g = -163 + 182. What is the remainder when 20 is divided by g?
1
Suppose 0 = -39*x - 60 + 177. What is the remainder when 130 is divided by x?
1
Let a = 36 - 17. Suppose 347 + 181 = 4*j. Calculate the remainder when j is divided by a.
18
Suppose 15*t - 26*t = -605. Calculate the remainder when 211 is divided by t.
46
Let p(x) = 41 - 25 + x**3 + 9*x**2 - 22 + 5*x. Let k = 5 + -13. What is the remainder when p(k) is divided by 10?
8
Let d be 7/2*(-1 - -11). Suppose 3*p = 8*p - d. Calculate the remainder when 11 is divided by p.
4
Let o be ((-3)/2)/((-3)/(-8)). Let u be o + 6 + 2/2. Suppose -b + 30 - 140 = -2*w, -u*b - 60 = -w. What is the remainder when w is divided by 19?
16
Let f be 45/10*7/(7/(-4)). Let m = f - -23. Calculate the remainder when 20 is divided by m.
0
Suppose -4*p = -3*r + p - 34, 2*r - 3*p + 21 = 0. Let z be (-2)/(6/r)*5. What is the remainder when 1/(-5) + 256/z is divided by 27?
24
Suppose 5*u + 2*g = -g + 32, 2*u = -4*g + 24. Suppose u*a - 14 = 122. What is the remainder when 135 is divided by a?
33
Suppose g + g - 6 = 0. Suppose g*o = -7*o + 710. What is the remainder when o is divided by 12?
11
Let m = -73 - -86. What is the remainder when 21 is divided by m?
8
Suppose 39*o + 565 = 44*o - 5*l, 2*l = 4*o - 452. Calculate the remainder when o is divided by 64.
49
Suppose 4*p = 136 + 8. What is the remainder when (1820/18 - -5) + (-10)/90 is divided by p?
34
Let h(b) = -2*b + 1. Let s be h(2). Let d be -3 - s*30/9. Suppose 4*a = 75 - d. What is the remainder when 65 is divided by a?
14
Suppose 0 = 4*k - k + 4*u - 403, 371 = 3*k - 4*u. Calculate the remainder when 1031 is divided by k.
128
Suppose 57*g = 68*g - 407. What is the remainder when 73 is divided by g?
36
Let i = 330 + -302. What is the remainder when 79 is divided by i?
23
Let t(a) = 6*a**2 + 20*a - 31. Calculate the remainder when t(3) is divided by 21.
20
Let d(h) = 52*h**2 - 3*h + 1. Suppose 0 = 5*k + 3*b - 249, -360*k = -358*k - 3*b - 108. Calculate the remainder when d(2) is divided by k.
50
What is the remainder when -1 + 4581/33 + (-30)/(-165) is divided by 26?
8
Suppose 0 = 2*v - 39 + 47, 90 = 5*k - 5*v. What is the remainder when 26 is divided by k?
12
Let x be (4/(-16))/((-2)/24). Suppose n - 2*t = x*t + 13, 0 = -2*n + t - 19. Calculate the remainder when ((-116)/3)/(8/n) is divided by 20.
18
Let q = -79 + 98. Suppose -q*t + 12*t = -154. What is the remainder when 47 is divided by t?
3
Let y be (-1 + 1)/(-13 + 14). Suppose 4*r - 5*r - 5*u + 28 = y, 3*u = 2*r - 17. Calculate the remainder when 34 is divided by r.
8
Suppose 2*t - 78 = -t. Let y = 23 + -22. What is the remainder when 404/8 - y/(-4)*-2 is divided by t?
24
Let z(j) = -j**3 + 12*j**2 - 28*j + 7. What is the remainder when 1363 is divided by z(8)?
37
Suppose 7*k - 11*k - 964 = 0. Let j = -121 - k. Let f = j + -58. What is the remainder when f is divided by 16?
14
Suppose -4 = -8*w + 4*w, -3*d - w = -40. Suppose 0 = 4*m - 6*m + 16. Calculate the remainder when d is divided by m.
5
Suppose -5*w + 38 = -3*w + 4*r, 0 = 5*w - 5*r - 50. Let m = -2 + w. Calculate the remainder when 12/(-16) - m/(-4) is divided by 2.
0
Suppose -2*q = q - 60. Let t = 4389 - 4376. What is the remainder when q is divided by t?
7
Suppose 6 = b - 4*f + 9*f, 0 = 3*f + 3. What is the remainder when 73 is divided by b?
7
Let u = -7 + 5. Let f = 105 + -189. Let y = u - f. Calculate the remainder when y is divided by 28.
26
What is the remainder when 149 is divided by (-11)/(352/8)*(-20)/1?
4
Suppose -2*q - 44 = -6*q. Let z be 42/q + 4/22. Let x(s) = -s**2 + 4*s + 6. Calculate the remainder when 9 is divided by x(z).
3
Let p be 40/(-220) + 2/22*-9. Let d(c) = 68*c**2 - c - 2. Calculate the remainder when d(p) is divided by 14.
11
Let o = -273 - -190. Let u = -12 - o. Suppose 2*m - 3*m = -u. Calculate the remainder when m is divided by 18.
17
Suppose -3*n + 244 - 22 = -5*g, 3*g = 0. What is the remainder when n is divided by 63?
11
Suppose -32*v - 411 = -91. Let g = -4 - 3. What is the remainder when 16 is divided by (6 + g)/(1/v)?
6
Let b(a) = -a**2 - 36*a - 25. Calculate the remainder when b(-28) is divided by 17.
12
Let i(n) = 15*n - 1. Let b = -11 + 12. Suppose -3*y + 70 = h, -2*h + 3*y - 9 = -104. What is the remainder when h is divided by i(b)?
13
Let b(t) = -419*t - 12. Let q be b(-1). Let h(y) = 63*y**2 + y - 1. Let m be h(1). Suppose 4*x + m = q. What is the remainder when x is divided by 22?
20
Let n(y) = -y**2 + 7*y - 8. Let u be n(6). Calculate the remainder when (-1)/(u*3/360) is divided by ((-27)/(-18))/(((-6)/28)/(-3)).
18
Suppose 2*d = d - 2*r - 7, -5*r = 5*d + 10. Suppose -5*h = -d*h - 2. What is the remainder when 12 - 7 - (3 - -1) is divided by h?
0
Let h(r) = 13*r + 6. Let l be h(6). Let o be 4/14 - (-144)/l. Let x = 5 + o. Calculate the remainder when 11 is divided by x.
4
Let l = -53 + 64. What is the remainder when 88 is divided by l?
0
Let o = 41 + -38. Suppose 5*j - 26 = o*j. What is the remainder when j is divided by 9?
4
Suppose -667*o = -673*o + 324. What is the remainder when o is divided by 20?
14
Let h = -2224 - -2272. What is the remainder when 618 is divided by h?
42
Let i be 2*27/6 + -4. Suppose 5*u - w = 52 + 10, 5*w = -i*u + 80. What is the remainder when 37 is divided by u?
11
Let q